2776?
6
What is the units digit of 8818?
8
What is the thousands digit of 31434?
1
What is the hundreds digit of 12438?
4
What is the hundreds digit of 27376?
3
What is the hundreds digit of 117750?
7
What is the hundreds digit of 1775?
7
What is the tens digit of 16300?
0
What is the tens digit of 49318?
1
What is the ten thousands digit of 11448?
1
What is the hundreds digit of 2779?
7
What is the units digit of 1172?
2
What is the thousands digit of 1487?
1
What is the hundreds digit of 986?
9
What is the thousands digit of 1168?
1
What is the tens digit of 38147?
4
What is the hundreds digit of 161?
1
What is the tens digit of 483?
8
What is the hundreds digit of 5018?
0
What is the thousands digit of 47177?
7
What is the tens digit of 1832?
3
What is the thousands digit of 3234?
3
What is the tens digit of 1218?
1
What is the units digit of 4117?
7
What is the units digit of 25736?
6
What is the thousands digit of 16886?
6
What is the hundreds digit of 24730?
7
What is the thousands digit of 6133?
6
What is the hundreds digit of 714?
7
What is the ten thousands digit of 105489?
0
What is the units digit of 622?
2
What is the ten thousands digit of 22009?
2
What is the ten thousands digit of 10662?
1
What is the hundreds digit of 250?
2
What is the thousands digit of 65034?
5
What is the hundreds digit of 747?
7
What is the thousands digit of 20852?
0
What is the units digit of 10885?
5
What is the thousands digit of 3302?
3
What is the units digit of 458?
8
What is the units digit of 91063?
3
What is the thousands digit of 5946?
5
What is the units digit of 610?
0
What is the tens digit of 1841?
4
What is the ten thousands digit of 21984?
2
What is the units digit of 1399?
9
What is the tens digit of 5113?
1
What is the thousands digit of 1525?
1
What is the hundreds digit of 1049?
0
What is the hundreds digit of 2221?
2
What is the thousands digit of 1058?
1
What is the tens digit of 1255?
5
What is the tens digit of 718?
1
What is the hundreds digit of 9028?
0
What is the hundreds digit of 17323?
3
What is the thousands digit of 22926?
2
What is the units digit of 2219?
9
What is the units digit of 20609?
9
What is the tens digit of 7316?
1
What is the thousands digit of 25611?
5
What is the ten thousands digit of 46481?
4
What is the hundreds digit of 101024?
0
What is the hundreds digit of 6884?
8
What is the tens digit of 10147?
4
What is the units digit of 9216?
6
What is the tens digit of 408?
0
What is the tens digit of 51411?
1
What is the tens digit of 50598?
9
What is the tens digit of 248?
4
What is the hundreds digit of 142305?
3
What is the units digit of 1243?
3
What is the tens digit of 9226?
2
What is the thousands digit of 88544?
8
What is the units digit of 855?
5
What is the tens digit of 1759?
5
What is the tens digit of 4639?
3
What is the hundreds digit of 290?
2
What is the units digit of 21805?
5
What is the hundreds digit of 7330?
3
What is the units digit of 8028?
8
What is the hundreds digit of 492?
4
What is the tens digit of 196?
9
What is the hundreds digit of 82506?
5
What is the hundreds digit of 11773?
7
What is the units digit of 574?
4
What is the hundreds digit of 990?
9
What is the hundreds digit of 4257?
2
What is the thousands digit of 50070?
0
What is the units digit of 265?
5
What is the thousands digit of 2647?
2
What is the tens digit of 7368?
6
What is the tens digit of 2777?
7
What is the hundreds digit of 5719?
7
What is the thousands digit of 2868?
2
What is the hundreds digit of 19182?
1
What is the hundreds digit of 11125?
1
What is the thousands digit of 3531?
3
What is the thousands digit of 34163?
4
What is the thousands digit of 1080?
1
What is the thousands digit of 2620?
2
What is the ten thousands digit of 109253?
0
What is the tens digit of 1732?
3
What is the units digit of 36637?
7
What is the units digit of 3083?
3
What is the units digit of 52213?
3
What is the tens digit of 95119?
1
What is the thousands digit of 2647?
2
What is the tens digit of 70401?
0
What is the tens digit of 623?
2
What is the ten thousands digit of 22943?
2
What is the units digit of 3129?
9
What is the thousands digit of 103926?
3
What is the units digit of 797?
7
What is the hundreds digit of 823?
8
What is the tens digit of 1088?
8
What is the tens digit of 694?
9
What is the tens digit of 126093?
9
What is the thousands digit of 1035?
1
What is the thousands digit of 8847?
8
What is the hundreds digit of 8816?
8
What is the tens digit of 5855?
5
What is the tens digit of 2522?
2
What is the units digit of 2581?
1
What is the hundreds digit of 63192?
1
What is the units digit of 66?
6
What is the units digit of 7905?
5
What is the thousands digit of 81000?
1
What is the hundreds digit of 1062?
0
What is the tens digit of 355?
5
What is the hundreds digit of 979?
9
What is the ten thousands digit of 14846?
1
What is the thousands digit of 14440?
4
What is the tens digit of 36451?
5
What is the units digit of 9113?
3
What is the tens digit of 44?
4
What is the hundreds digit of 26688?
6
What is the thousands digit of 78357?
8
What is the hundreds digit of 488?
4
What is the units digit of 1615?
5
What is the hundreds digit of 631?
6
What is the hundreds digit of 18081?
0
What is the hundred thousands digit of 150639?
1
What is the thousands digit of 3642?
3
What is the thousands digit of 12095?
2
What is the units digit of 1871?
1
What is the hundreds digit of 1373?
3
What is the ten thousands digit of 14487?
1
What is the units digit of 16312?
2
What is the ten thousands digit of 24162?
2
What is the units digit of 13979?
9
What is the hundreds digit of 1909?
9
What is the ten thousands digit of 23935?
2
What is the tens digit of 826?
2
What is the thousands digit of 3629?
3
What is the units digit of 5166?
6
What is the hundreds digit of 34396?
3
What is the units digit of 4259?
9
What is the hundreds digit of 2314?
3
What is the tens digit of 323?
2
What is the units digit of 1223?
3
What is the thousands digit of 5201?
5
What is the ten thousands digit of 38073?
3
What is the thousands digit of 18567?
8
What is the thousands digit of 9035?
9
What is the thousands digit of 2419?
2
What is the tens digit of 8148?
4
What is the hundreds digit of 5502?
5
What is the hundreds digit of 4774?
7
What is the hundreds digit of 17271?
2
What is the units digit of 3395?
5
What is the tens digit of 3237?
3
What is the thousands digit of 3341?
3
What is the hundreds digit of 983?
9
What is the units digit of 9356?
6
What is the hundreds digit of 599?
5
What is the tens digit of 173?
7
What is the units digit of 1845?
5
What is the thousands digit of 24036?
4
What is the thousands digit of 2659?
2
What is the thousands digit of 114269?
4
What is the units digit of 2329?
9
What is the tens digit of 415?
1
What is the units digit of 10430?
0
What is the ten thousands digit of 19236?
1
What is the thousands digit of 5034?
5
What is the thousands digit of 36123?
6
What is the units digit of 1967?
7
What is the hundreds digit of 68686?
6
What is the tens digit of 4988?
8
What is the thousands digit of 9584?
9
What is the thousands digit of 7866?
7
What is the thousands digit of 18083?
8
What is the hundreds digit of 841?
8
What is the thousands digit of 42670?
2
What is the hundreds digit of 6776?
7
What is the units digit of 2058?
8
What is the units digit of 3150?
0
What is the hundreds digit of 270?
2
What is the thousands digit of 7567?
7
What is the hundreds digit of 120691?
6
What is the hundreds digit of 24816?
8
What is the ten thousands digit of 98821?
9
What is the thousands digit of 4399?
4
What is the tens digit of 2775?
7
What is the units digit of 7604?
4
What is the hundreds digit of 6264?
2
What is the ten thousands digit of 27958?
2
What is the tens digit of 287?
8
What is the tens digit of 28253?
5
What is the units digit of 4741?
1
What is the tens digit of 1729?
2
What is the thousands digit of 12799?
2
What is the ten thousands digit of 15631?
1
What is the thousands digit of 2037?
2
What is the tens digit of 26940?
4
What is the hundreds digit of 65216?
2
What is the tens digit of 31838?
3
What is the tens digit of 710?
1
What is the hundreds digit of 1210?
2
What is the tens digit of 950?
5